{"id":102,"date":"2014-07-16T14:13:48","date_gmt":"2014-07-16T13:13:48","guid":{"rendered":"http:\/\/www.acj-poitiers.fr\/?page_id=102"},"modified":"2025-08-19T02:03:31","modified_gmt":"2025-08-19T01:03:31","slug":"les-repetitions","status":"publish","type":"page","link":"https:\/\/www.acj-poitiers.fr\/?page_id=102","title":{"rendered":"Les r\u00e9p\u00e9titions"},"content":{"rendered":"<p style=\"text-align: justify;\"><span style=\"font-family: arial, helvetica, sans-serif;\">Les r\u00e9p\u00e9titions du ch\u0153ur ont lieu tous les mardis, de 20h30 \u00e0 22h30, en p\u00e9riode scolaire. Elles commencent en septembre et se terminent fin juin. L\u2019accueil des choristes est fix\u00e9 \u00e0 20h15, les r\u00e9p\u00e9titions commen\u00e7ant \u00e0 l\u2019heure.<\/span><\/p>\n<p style=\"text-align: justify;\"><span style=\"font-family: arial, helvetica, sans-serif;\">Pour la pr\u00e9paration des concerts, des r\u00e9p\u00e9titions suppl\u00e9mentaires peuvent \u00eatre programm\u00e9es le samedi ou le dimanche (journ\u00e9e ou demi-journ\u00e9e) ou le mardi soir en p\u00e9riode de vacances scolaires.<\/span><\/p>\n<p style=\"text-align: justify;\"><span style=\"font-family: arial, helvetica, sans-serif;\">Le programme annuel du ch\u0153ur est construit \u00e0 des fins de concerts, \u00e0 Poitiers et\/ou dans d&rsquo;autres communes du d\u00e9partement de la Vienne. La r\u00e9alisation des projets musicaux n\u00e9cessite une pr\u00e9sence r\u00e9guli\u00e8re.<\/span><\/p>\n","protected":false},"excerpt":{"rendered":"<p>Les r\u00e9p\u00e9titions du ch\u0153ur ont lieu tous les mardis, de 20h30 \u00e0 22h30, en p\u00e9riode scolaire. Elles commencent en septembre et se terminent fin juin. L\u2019accueil des choristes est fix\u00e9 \u00e0 20h15, les r\u00e9p\u00e9titions commen\u00e7ant \u00e0 l\u2019heure. Pour la pr\u00e9paration des concerts, des r\u00e9p\u00e9titions suppl\u00e9mentaires peuvent \u00eatre programm\u00e9es le samedi ou le dimanche (journ\u00e9e ou demi-journ\u00e9e) ou le mardi soir en p\u00e9riode de vacances scolaires. Le programme annuel du ch\u0153ur est construit \u00e0 des fins de concerts, \u00e0 Poitiers et\/ou dans d&rsquo;autres communes du d\u00e9partement de la Vienne. La r\u00e9alisation des projets musicaux n\u00e9cessite une pr\u00e9sence r\u00e9guli\u00e8re.<\/p>\n","protected":false},"author":4,"featured_media":0,"parent":0,"menu_order":0,"comment_status":"closed","ping_status":"closed","template":"","meta":{"footnotes":""},"class_list":["post-102","page","type-page","status-publish","hentry"],"_links":{"self":[{"href":"https:\/\/www.acj-poitiers.fr\/index.php?rest_route=\/wp\/v2\/pages\/102","targetHints":{"allow":["GET"]}}],"collection":[{"href":"https:\/\/www.acj-poitiers.fr\/index.php?rest_route=\/wp\/v2\/pages"}],"about":[{"href":"https:\/\/www.acj-poitiers.fr\/index.php?rest_route=\/wp\/v2\/types\/page"}],"author":[{"embeddable":true,"href":"https:\/\/www.acj-poitiers.fr\/index.php?rest_route=\/wp\/v2\/users\/4"}],"replies":[{"embeddable":true,"href":"https:\/\/www.acj-poitiers.fr\/index.php?rest_route=%2Fwp%2Fv2%2Fcomments&post=102"}],"version-history":[{"count":20,"href":"https:\/\/www.acj-poitiers.fr\/index.php?rest_route=\/wp\/v2\/pages\/102\/revisions"}],"predecessor-version":[{"id":5037,"href":"https:\/\/www.acj-poitiers.fr\/index.php?rest_route=\/wp\/v2\/pages\/102\/revisions\/5037"}],"wp:attachment":[{"href":"https:\/\/www.acj-poitiers.fr\/index.php?rest_route=%2Fwp%2Fv2%2Fmedia&parent=102"}],"curies":[{"name":"wp","href":"https:\/\/api.w.org\/{rel}","templated":true}]}}