{"id":106,"date":"2014-07-16T14:18:05","date_gmt":"2014-07-16T13:18:05","guid":{"rendered":"http:\/\/www.acj-poitiers.fr\/?page_id=106"},"modified":"2025-08-19T02:41:02","modified_gmt":"2025-08-19T01:41:02","slug":"lieu-de-repetition","status":"publish","type":"page","link":"https:\/\/www.acj-poitiers.fr\/?page_id=106","title":{"rendered":"Lieu de r\u00e9p\u00e9tition"},"content":{"rendered":"<p><span style=\"font-family: arial, helvetica, sans-serif;\"><span style=\"font-size: 14pt;\"><strong>Salle du Baobab<\/strong><\/span> (annexe du Centre Socio-culturel de la Blaiserie)<br \/>\n<strong>13 rue \u00c9mile Roux<\/strong> (quartier de Bel Air) &#8211; <span style=\"font-size: 10pt;\">B\u00e2timent bas en rez-de chauss\u00e9e (ancienne \u00e9cole)<\/span><br \/>\n<\/span><em><span style=\"font-family: arial, helvetica, sans-serif;\">Acc\u00e8s : dos \u00e0 la Poste, traverser la rue et <\/span><span style=\"font-family: arial, helvetica, sans-serif;\">suivre l&rsquo;all\u00e9e qui passe entre deux immeubles.<\/span><\/em><\/p>\n<p><img loading=\"lazy\" decoding=\"async\" class=\"alignnone size-full wp-image-5041\" src=\"https:\/\/www.acj-poitiers.fr\/wp-content\/uploads\/2025\/08\/Street-view-Baobab-fleche.jpg\" alt=\"\" width=\"595\" height=\"224\" srcset=\"https:\/\/www.acj-poitiers.fr\/wp-content\/uploads\/2025\/08\/Street-view-Baobab-fleche.jpg 595w, https:\/\/www.acj-poitiers.fr\/wp-content\/uploads\/2025\/08\/Street-view-Baobab-fleche-300x113.jpg 300w\" sizes=\"auto, (max-width: 595px) 100vw, 595px\" \/><\/p>\n<p><iframe loading=\"lazy\" style=\"border: 0;\" src=\"https:\/\/www.google.com\/maps\/embed?pb=!1m18!1m12!1m3!1d1370.9243648939746!2d0.3259652088897993!3d46.59022773395353!2m3!1f0!2f0!3f0!3m2!1i1024!2i768!4f13.1!3m3!1m2!1s0x47fdbe063763f579%3A0x6157533b179105b0!2sRue+Emile+Roux%2C+86000+Poitiers!5e0!3m2!1sfr!2sfr!4v1405516659914\" width=\"600\" height=\"450\" frameborder=\"0\"><\/iframe><\/p>\n","protected":false},"excerpt":{"rendered":"<p>Salle du Baobab (annexe du Centre Socio-culturel de la Blaiserie) 13 rue \u00c9mile Roux (quartier de Bel Air) &#8211; B\u00e2timent bas en rez-de chauss\u00e9e (ancienne \u00e9cole) Acc\u00e8s : dos \u00e0 la Poste, traverser la rue et suivre l&rsquo;all\u00e9e qui passe entre deux immeubles.<\/p>\n","protected":false},"author":4,"featured_media":0,"parent":0,"menu_order":0,"comment_status":"closed","ping_status":"closed","template":"","meta":{"footnotes":""},"class_list":["post-106","page","type-page","status-publish","hentry"],"_links":{"self":[{"href":"https:\/\/www.acj-poitiers.fr\/index.php?rest_route=\/wp\/v2\/pages\/106","targetHints":{"allow":["GET"]}}],"collection":[{"href":"https:\/\/www.acj-poitiers.fr\/index.php?rest_route=\/wp\/v2\/pages"}],"about":[{"href":"https:\/\/www.acj-poitiers.fr\/index.php?rest_route=\/wp\/v2\/types\/page"}],"author":[{"embeddable":true,"href":"https:\/\/www.acj-poitiers.fr\/index.php?rest_route=\/wp\/v2\/users\/4"}],"replies":[{"embeddable":true,"href":"https:\/\/www.acj-poitiers.fr\/index.php?rest_route=%2Fwp%2Fv2%2Fcomments&post=106"}],"version-history":[{"count":7,"href":"https:\/\/www.acj-poitiers.fr\/index.php?rest_route=\/wp\/v2\/pages\/106\/revisions"}],"predecessor-version":[{"id":5044,"href":"https:\/\/www.acj-poitiers.fr\/index.php?rest_route=\/wp\/v2\/pages\/106\/revisions\/5044"}],"wp:attachment":[{"href":"https:\/\/www.acj-poitiers.fr\/index.php?rest_route=%2Fwp%2Fv2%2Fmedia&parent=106"}],"curies":[{"name":"wp","href":"https:\/\/api.w.org\/{rel}","templated":true}]}}