{"id":89,"date":"2014-07-16T11:43:19","date_gmt":"2014-07-16T10:43:19","guid":{"rendered":"http:\/\/www.acj-poitiers.fr\/?page_id=89"},"modified":"2025-08-20T15:55:55","modified_gmt":"2025-08-20T14:55:55","slug":"le-chef-de-choeur","status":"publish","type":"page","link":"https:\/\/www.acj-poitiers.fr\/?page_id=89","title":{"rendered":"La Cheffe de ch\u0153ur"},"content":{"rendered":"<p><span style=\"font-family: arial, helvetica, sans-serif;\"><a href=\"https:\/\/www.acj-poitiers.fr\/wp-content\/uploads\/2019\/10\/portrait.jpg\"><img loading=\"lazy\" decoding=\"async\" class=\"size-medium wp-image-2200 alignleft\" src=\"https:\/\/www.acj-poitiers.fr\/wp-content\/uploads\/2019\/10\/portrait-300x292.jpg\" alt=\"\" width=\"300\" height=\"292\" srcset=\"https:\/\/www.acj-poitiers.fr\/wp-content\/uploads\/2019\/10\/portrait-300x292.jpg 300w, https:\/\/www.acj-poitiers.fr\/wp-content\/uploads\/2019\/10\/portrait-40x40.jpg 40w, https:\/\/www.acj-poitiers.fr\/wp-content\/uploads\/2019\/10\/portrait.jpg 565w\" sizes=\"auto, (max-width: 300px) 100vw, 300px\" \/><\/a><span style=\"font-size: 18pt;\"><strong>Elsie GRIFFITHS<\/strong><\/span><\/span><\/p>\n<p><span style=\"font-family: arial, helvetica, sans-serif;\"><strong>Notre nouvelle cheffe de Ch\u0153ur<br \/>\n<\/strong><strong>depuis septembre 2019<\/strong><\/span><\/p>\n<div class=\"col-md-6\">\n<p style=\"text-align: justify;\"><span style=\"font-family: arial, helvetica, sans-serif;\">Apr\u00e8s des \u00e9tudes de violoncelliste, Elsie Griffiths commence son cursus de chant au CNR de Poitiers aupr\u00e8s de M. \u00a0Etcheverry. Ayant obtenu sa licence en musicologie et direction de \u00a0choeur \u00e0 l\u2019Universit\u00e9 de Poitiers, elle continue ses \u00e9tudes \u00e0 Paris o\u00f9 \u00a0elle obtient ses 1er Prix de chant et de musique de chambre. \u00a0Elsie Griffiths fait ses premiers pas sur sc\u00e8ne avec Purcell, Mozart et \u00a0de nombreux r\u00e9citals de musique fran\u00e7aise accompagn\u00e9e \u00e0 la harpe.<\/span><\/p>\n<p style=\"text-align: justify;\"><span style=\"font-family: arial, helvetica, sans-serif;\">Elle commence son parcours d\u2019enseignante en chant \u00e0 l\u2019\u00e9cole Polynote 75, Paris 11\u00e8me, et dirige plusieurs choeurs et ensemble vocaux.<\/span><\/p>\n<p style=\"text-align: justify;\"><span style=\"font-family: arial, helvetica, sans-serif;\">En \u00a02007, d\u00e9couvrant un r\u00e9pertoire plus r\u00e9cent, elle est invit\u00e9e en \u00a0r\u00e9sidence \u00e0 Ch\u00e2tellerault pour monter son spectacle et sortir son 1er album \u00abNotre premier rendez-vous\u00bb o\u00f9 s\u2019accompagnant de son violoncelle \u00a0elle rend hommage \u00e0 de nombreuses chanteuses des ann\u00e9es 30 sous le nom \u00a0d\u2019Elsie Douce.<\/span><\/p>\n<p style=\"text-align: justify;\"><span style=\"font-family: arial, helvetica, sans-serif;\">Elle enseigne le chant \u00a0et dirige plusieurs ch\u0153urs \u00e0 Poitiers et cr\u00e9e son \u00e9cole de chant \u00e0 \u00a0Ch\u00e2tellerault, o\u00f9 elle organise r\u00e9guli\u00e8rement des stages de d\u00e9couverte \u00a0de la voix. Son public est tr\u00e8s \u00e9tendu car elle travaille aussi bien \u00a0avec des enfants, des ados, des rappeurs, des adultes, et anime aussi \u00a0des ateliers en maison de retraite.<\/span><\/p>\n<p style=\"text-align: justify;\"><span style=\"font-family: arial, helvetica, sans-serif;\">En \u00a02010, elle fonde avec Faustine Roda (com\u00e9dienne) Confitures et Cie, \u00a0avec laquelle elle cr\u00e9e des spectacles pour enfants sourds et entendants \u00a0(Poucette et Tantor), pour lesquels elle compose les musiques au \u00a0violoncelle.<\/span><\/p>\n<p style=\"text-align: justify;\"><span style=\"font-family: arial, helvetica, sans-serif;\">A partir de 2012, elle passe trois ans dans l\u2019\u00c9ducation Nationale, en tant que professeur d\u2019\u00e9ducation musicale.<\/span><\/p>\n<p style=\"text-align: justify;\"><span style=\"font-family: arial, helvetica, sans-serif;\">Elle collabore depuis 2011 avec Figaro Si, Figaro L\u00e0 sur plusieurs productions en tant qu\u2019assistante chef de ch\u0153ur.<\/span><\/p>\n<p style=\"text-align: justify;\"><span style=\"font-family: arial, helvetica, sans-serif;\">Depuis \u00a0cette ann\u00e9e, elle int\u00e8gre le collectif \u00abLa coop\u00e9rative du son\u00bb avec \u00a0lequel elle cr\u00e9e de nouveaux spectacles int\u00e9grant la musique, l\u2019image, \u00a0la vid\u00e9o\u2026.<\/span><\/p>\n<p style=\"text-align: justify;\"><span style=\"font-family: arial, helvetica, sans-serif;\">Depuis septembre 2015 elle prend en charge les ch\u0153urs d\u2019enfants et d\u2019adultes de l\u2019\u00e9cole Efice de Figaro Si, Figaro L\u00e0.<\/span><\/p>\n<\/div>\n","protected":false},"excerpt":{"rendered":"<p>Elsie GRIFFITHS Notre nouvelle cheffe de Ch\u0153ur depuis septembre 2019 Apr\u00e8s des \u00e9tudes de violoncelliste, Elsie Griffiths commence son cursus de chant au CNR de Poitiers aupr\u00e8s de M. \u00a0Etcheverry. Ayant obtenu sa licence en musicologie et direction de \u00a0choeur \u00e0 l\u2019Universit\u00e9 de Poitiers, elle continue ses \u00e9tudes \u00e0 Paris o\u00f9 \u00a0elle obtient ses 1er Prix de chant et de musique de chambre. \u00a0Elsie Griffiths fait ses premiers pas sur sc\u00e8ne avec Purcell, Mozart et \u00a0de nombreux r\u00e9citals de musique fran\u00e7aise accompagn\u00e9e \u00e0 la harpe. Elle commence son parcours d\u2019enseignante en chant \u00e0 l\u2019\u00e9cole Polynote 75, Paris 11\u00e8me, et dirige&#46;&#46;&#46;<\/p>\n","protected":false},"author":4,"featured_media":0,"parent":0,"menu_order":0,"comment_status":"closed","ping_status":"closed","template":"","meta":{"footnotes":""},"class_list":["post-89","page","type-page","status-publish","hentry"],"_links":{"self":[{"href":"https:\/\/www.acj-poitiers.fr\/index.php?rest_route=\/wp\/v2\/pages\/89","targetHints":{"allow":["GET"]}}],"collection":[{"href":"https:\/\/www.acj-poitiers.fr\/index.php?rest_route=\/wp\/v2\/pages"}],"about":[{"href":"https:\/\/www.acj-poitiers.fr\/index.php?rest_route=\/wp\/v2\/types\/page"}],"author":[{"embeddable":true,"href":"https:\/\/www.acj-poitiers.fr\/index.php?rest_route=\/wp\/v2\/users\/4"}],"replies":[{"embeddable":true,"href":"https:\/\/www.acj-poitiers.fr\/index.php?rest_route=%2Fwp%2Fv2%2Fcomments&post=89"}],"version-history":[{"count":23,"href":"https:\/\/www.acj-poitiers.fr\/index.php?rest_route=\/wp\/v2\/pages\/89\/revisions"}],"predecessor-version":[{"id":5046,"href":"https:\/\/www.acj-poitiers.fr\/index.php?rest_route=\/wp\/v2\/pages\/89\/revisions\/5046"}],"wp:attachment":[{"href":"https:\/\/www.acj-poitiers.fr\/index.php?rest_route=%2Fwp%2Fv2%2Fmedia&parent=89"}],"curies":[{"name":"wp","href":"https:\/\/api.w.org\/{rel}","templated":true}]}}